 10, what is -5 + -237?
-242
In base 9, what is -16 - 146?
-163
In base 10, what is 4 - -37?
41
In base 14, what is -3 - 2888?
-288b
In base 6, what is 1244 - 0?
1244
In base 7, what is 1612 + -12?
1600
In base 14, what is -5 + -5?
-a
In base 13, what is 1b - 1c?
-1
In base 4, what is 3102 - 0?
3102
In base 3, what is 12211 - -1?
12212
In base 2, what is -100110 - 11?
-101001
In base 15, what is -6e + 23?
-4b
In base 8, what is -1 - -44?
43
In base 4, what is 1 + 122?
123
In base 7, what is -150 + 1?
-146
In base 11, what is -1205 - -4?
-1201
In base 4, what is 3 - -220?
223
In base 14, what is -6b2 + 14?
-69c
In base 14, what is -b + a?
-1
In base 8, what is 5 + 401?
406
In base 13, what is 0 + -1220?
-1220
In base 16, what is -3 + e5?
e2
In base 8, what is 42 - 754?
-712
In base 2, what is -110010001 + -1?
-110010010
In base 2, what is -1 + 11010001001?
11010001000
In base 10, what is -1 + -79?
-80
In base 2, what is 1101000101000 - -11?
1101000101011
In base 16, what is d - 272?
-265
In base 13, what is -5 + -611?
-616
In base 15, what is -5 + -25b?
-261
In base 6, what is 21 + -5?
12
In base 3, what is 101200 - 2?
101121
In base 4, what is -323 + -101?
-1030
In base 9, what is -6 + -60?
-66
In base 9, what is 5 - -51?
56
In base 12, what is -2 - 152?
-154
In base 12, what is -2062 - 4?
-2066
In base 12, what is -4 + -21?
-25
In base 14, what is -5 - 40?
-45
In base 11, what is 1 + 545?
546
In base 6, what is 3 + 1454?
1501
In base 15, what is -1dd5 + -3?
-1dd8
In base 10, what is 26 - 5?
21
In base 13, what is -5 + -50?
-55
In base 7, what is -265540 - 3?
-265543
In base 14, what is 0 - -36?
36
In base 7, what is -316 + -5?
-324
In base 14, what is 676 + -4?
672
In base 10, what is -902 - 2?
-904
In base 16, what is -22 + -7?
-29
In base 14, what is -5 + -178?
-17d
In base 14, what is 0 + -16a9?
-16a9
In base 6, what is -420 - -1?
-415
In base 10, what is -69 - 12?
-81
In base 9, what is -875 + -4?
-880
In base 16, what is -2 + -30?
-32
In base 13, what is -4cb - -a?
-4c1
In base 15, what is 3 + -d6b?
-d68
In base 16, what is -143 + 10?
-133
In base 5, what is -4 - -204?
200
In base 5, what is -24 - -434?
410
In base 14, what is 1ad + -5?
1a8
In base 15, what is 425 - 3?
422
In base 12, what is -56 + -8?
-62
In base 15, what is 159 - -4?
15d
In base 9, what is -8 - 4730?
-4738
In base 15, what is 82 + 3?
85
In base 11, what is 5 - 2a?
-25
In base 3, what is 12 + 112?
201
In base 4, what is 31 - -2110?
2201
In base 14, what is 176 + 10?
186
In base 7, what is -6 - -524?
515
In base 6, what is 10020 + 1?
10021
In base 9, what is 54 + -13?
41
In base 15, what is -21 - 5?
-26
In base 6, what is -3113 - -2?
-3111
In base 3, what is 112 - 0?
112
In base 4, what is -2021 + 10?
-2011
In base 9, what is 486 + 14?
511
In base 10, what is -1 - 200?
-201
In base 16, what is 1ce + 2?
1d0
In base 7, what is -2353 - -103?
-2250
In base 6, what is 135 + 0?
135
In base 6, what is -243 + -331?
-1014
In base 7, what is 10 - 32?
-22
In base 6, what is 55 - 35?
20
In base 15, what is -1 + -c3d?
-c3e
In base 8, what is -160 - -27?
-131
In base 12, what is 0 - 15?
-15
In base 12, what is -3 + 540?
539
In base 7, what is 0 - -1?
1
In base 10, what is -2 + 4707?
4705
In base 12, what is 2a3 + -3?
2a0
In base 14, what is 1 - 16?
-15
In base 2, what is -111000 + 1011100?
100100
In base 14, what is -10a + -1?
-10b
In base 7, what is -2011 + -30?
-2041
In base 10, what is 571 - 3?
568
In base 12, what is -18 + 0?
-18
In base 7, what is 1613 - -5?
1621
In base 7, what is 0 + 313?
313
In base 7, what is 4 - 150?
-143
In base 11, what is 1 + 8a2?
8a3
In base 4, what is -1010 - -13?
-331
In base 11, what is 9037 - 5?
9032
In base 11, what is -76 - 5?
-80
In base 13, what is -3a6 - -2?
-3a4
In base 4, what is 1033300 + -2?
1033232
In base 7, what is -2 + 142?
140
In base 11, what is 191 + -10?
181
In base 11, what is -3 - 279?
-281
In base 7, what is -11 + 21?
10
In base 7, what is 50 - 1?
46
In base 7, what is 33 + 116?
152
In base 4, what is 12313 - 2?
12311
In base 7, what is -25 + 1036?
1011
In base 14, what is -1c36 - 0?
-1c36
In base 3, what is -111 + 11112?
11001
In base 9, what is -177 - 2?
-180
In base 9, what is -12 - -445?
433
In base 4, what is 10 + -11?
-1
In base 9, what is 1 - 21?
-20
In base 7, what is -13 + 34?
21
In base 4, what is 1003 - -10?
1013
In base 7, what is 25121 - -1?
25122
In base 9, what is 2 + -183?
-181
In base 13, what is -2 - 59?
-5b
In base 15, what is -4e + 2?
-4c
In base 9, what is -57 - 16?
-74
In base 9, what is 2 - -7512?
7514
In base 13, what is 4 - -2c?
33
In base 15, what is -3 - -3?
0
In base 2, what is 111101010010 + -10?
111101010000
In base 4, what is 1032221 + -3?
1032212
In base 5, what is -10 + 134134?
134124
In base 16, what is -25 - -1?
-24
In base 4, what is 2 + -200?
-132
In base 6, what is -5 - 20220?
-20225
In base 8, what is 26 + 0?
26
In base 10, what is -73 - -35?
-38
In base 15, what is -78c + 0?
-78c
In base 15, what is 4 + 22e3?
22e7
In base 5, what is -321310 - -2?
-321303
In base 13, what is -1b - -12?
-9
In base 10, what is 3 + -171?
-168
In base 6, what is -1 + -1202?
-1203
In base 2, what is 110010 - 1110?
100100
In base 16, what is 70 - b4?
-44
In base 7, what is 0 + -4355?
-4355
In base 8, what is 64 - -75?
161
In base 2, what is -11 + 1010000011?
1010000000
In base 13, what is 20a - -3?
210
In base 5, what is 244 - 10?
234
In base 7, what is -3603 - 3?
-3606
In base 10, what is 1 + -1439?
-1438
In base 5, what is 12214 - 4?
12210
In base 12, what is 8 - -3?
b
In base 3, what is 11 - -2001212?
2002000
In base 14, what is -2 - -2b3?
2b1
In base 2, what is -100100 + 101?
-11111
In base 7, what is -40 + 36?
-1
In base 12, what is -110 - 52?
-162
In base 11, what is 330 - -32?
362
In base 3, what is 101002 + 22?
101101
In base 16, what is -1 + 24?
23
In base 15, what is 3 + -36?
-33
In base 11, what is -171 - 10?
-181
In base 14, what is -3 + -55?
-58
In base 11, what is 8 + -5a?
-52
In base 13, what is 5 - -38c?
394
In base 10, what is -150 - -2?
-148
In base 15, what is -c77 + 5?
-c72
In base 2, what is -11 - -11100011001?
11100010110
In base 2, what is -10110 - 10110?
-101100
In base 11, what is -3 - -19a?
197
In base 3, what is -21201 - 1002?
-22210
In base 10, what is 44 - 2?
42
In base 8, what is -20 + -24?
-44
In base 15, what is -10 - 5?
-15
In base 12, what is -8b4 + 3?
-8b1
In base 13, what is 1b0 + 1?
1b1
In base 15, what is -7 + -1?
-8
In base 6, what is 324 + -41?
243
In base 10, what is -8 - -46?
38
In base 12, what is -42 - 2?
-44
In base 11, what is -4 + 694?
690
In base 10, what is 1624 - 4?
1620
In base 5, what is -3312 + 10?
-3302
In base 16, what is 4 - d4?
-d0
In base 9, what is 84 - -4?
88
In base 12, what is 3 - 34?
-31
In base 11, what is 2 - 1a6?
-1a4
In base 6, what is 133 - -3?
140
In base 2, what is -100 + -110110?
-111010
In base 2, what is 10 + 101110?
110000
In base 3, what is 12002 + 10211?
22220
In base 14, what is d2 + -9?
c7
In base 14, what is 1 + 78?
79
In base 13, what is -1a1 + 1?
-1a0
In base 7, what is -5 + 10311?
10303
In base 7, what is 104113 - 4?
104106
In base 10, what is 12 + -111?
-99
In base 16, what is -9 + -a?
-13
In base 7, what is 26 + -12?
14
In base 5, what is 3020 + 1?
3021
In base 11, what is -2 - 220?
-222
In base 5, what is -13340 + 14?
-13321
In base 6, what is -1 - 1110?
-1111
In base 12, what is -161 - -5?
-158
In base 11, what is 3329 - -1?
332a
In base 16, what is -c + 55?
49
In base 5, what is -343 - 4?
-402
In base 9, what is 3446 - 4?
3442
In base 6, what is -15 - -12?
-3
In base 3, what is 12 - 101112?
-101100
In base 6, what is 10 + 10?
20
In base 3, what is 1221 - 10100?
-1102
In base 16, what is 1 - 4a?
-49
In base 16, what is -f + -72?
-81
In base 13, what is -5 + -3948?
-3950
In base 8, what is -4 - 63?
-67
In base 15, what is 1c20 - -5?
1c25
In base 11, what is 3 + 61?
64
In base 2, what is 10000 - 10001001?
-1111001
In base 15, what is -120d + 5?
-1208
In base 9, what is -8 + -27?
-36
In base 5, what is -1144 + -101?
-1300
In base 3, what is 11220 + 201?
12121
In base 15, what is 98 + -a?
8d
In base 5, what is -4213 - -4?
-4204
In base 9, what is -341 - 4?
-345
In base 3, what is 1021220 - -2?
1021222
In base 10, what is 15 + 455